{"id":2984,"date":"2021-04-21T10:57:07","date_gmt":"2021-04-21T08:57:07","guid":{"rendered":"https:\/\/www.bodegaeduardopenha.es\/nw\/?page_id=2984"},"modified":"2021-12-13T16:39:01","modified_gmt":"2021-12-13T15:39:01","slug":"maria-andrea","status":"publish","type":"page","link":"https:\/\/www.bodegaeduardopenha.es\/nw\/maria-andrea\/","title":{"rendered":"MARIA ANDREA"},"content":{"rendered":"<p>[et_pb_section fb_built=\u00bb1&#8243; _builder_version=\u00bb3.22&#8243; background_color=\u00bb#6b6b6b\u00bb background_image=\u00bbhttps:\/\/www.bodegaeduardopenha.es\/nw\/wp-content\/uploads\/2021\/04\/MG_1280-scaled.jpg\u00bb background_blend=\u00bboverlay\u00bb custom_padding=\u00bb54px|0px|120px|0px|false|false\u00bb global_colors_info=\u00bb{}\u00bb][et_pb_row _builder_version=\u00bb3.25&#8243; module_alignment=\u00bbleft\u00bb custom_margin=\u00bb|||117px\u00bb custom_margin_tablet=\u00bb|||38px\u00bb custom_margin_phone=\u00bb||-70px|38px\u00bb custom_margin_last_edited=\u00bbon|phone\u00bb global_colors_info=\u00bb{}\u00bb][et_pb_column type=\u00bb4_4&#8243; _builder_version=\u00bb3.25&#8243; custom_padding=\u00bb|||\u00bb global_colors_info=\u00bb{}\u00bb custom_padding__hover=\u00bb|||\u00bb][et_pb_text _builder_version=\u00bb3.27.4&#8243; text_font=\u00bbRoboto||||||||\u00bb text_text_color=\u00bb#ffffff\u00bb header_font=\u00bbRoboto||||||||\u00bb header_text_color=\u00bb#ffffff\u00bb header_font_size=\u00bb90px\u00bb background_layout=\u00bbdark\u00bb header_font_size_tablet=\u00bb\u00bb header_font_size_phone=\u00bb60px\u00bb header_font_size_last_edited=\u00bbon|phone\u00bb inline_fonts=\u00bbRoboto\u00bb global_colors_info=\u00bb{}\u00bb]<\/p>\n<h1 style=\"text-align: left;\"><strong><span style=\"color: #ffffff;\"><img decoding=\"async\" src=\"https:\/\/www.bodegaeduardopenha.es\/nw\/wp-content\/uploads\/2021\/04\/linea_blanca.png\" alt=\"\" class=\"wp-image-536 alignnone size-full\" width=\"39\" height=\"7\" \/><\/span><\/strong><\/h1>\n<h1 style=\"text-align: left;\"><span style=\"font-family: Roboto;\">EL VINO<\/span><\/h1>\n<p>[\/et_pb_text][et_pb_text _builder_version=\u00bb3.27.4&#8243; text_font=\u00bbRoboto||||||||\u00bb text_text_color=\u00bb#ffffff\u00bb text_font_size=\u00bb20px\u00bb header_font=\u00bbRoboto|300|||||||\u00bb header_text_color=\u00bb#ffffff\u00bb header_font_size=\u00bb70px\u00bb text_orientation=\u00bbcenter\u00bb background_layout=\u00bbdark\u00bb header_font_size_tablet=\u00bb\u00bb header_font_size_phone=\u00bb30px\u00bb header_font_size_last_edited=\u00bbon|phone\u00bb inline_fonts=\u00bbTimes New Roman\u00bb global_colors_info=\u00bb{}\u00bb]<\/p>\n<h1 style=\"text-align: left;\"><span style=\"font-family: inherit;\">MAR\u00cdA ANDREA<\/span><\/h1>\n<p>[\/et_pb_text][\/et_pb_column][\/et_pb_row][\/et_pb_section][et_pb_section fb_built=\u00bb1&#8243; _builder_version=\u00bb3.22&#8243; custom_padding=\u00bb0|0px|0|0px|false|false\u00bb global_colors_info=\u00bb{}\u00bb][et_pb_row _builder_version=\u00bb3.25&#8243; max_width=\u00bb1115px\u00bb use_custom_width=\u00bbon\u00bb custom_width_px=\u00bb1115px\u00bb global_colors_info=\u00bb{}\u00bb column_structure=\u00bb1_2,1_2&#8243;][et_pb_column type=\u00bb1_2&#8243; _builder_version=\u00bb3.25&#8243; custom_padding=\u00bb|||\u00bb global_colors_info=\u00bb{}\u00bb custom_padding__hover=\u00bb|||\u00bb][et_pb_image src=\u00bbhttps:\/\/www.bodegaeduardopenha.es\/nw\/wp-content\/uploads\/2021\/04\/mariadrneabotella_500x133.jpg\u00bb align_tablet=\u00bbcenter\u00bb align_last_edited=\u00bbon|desktop\u00bb _builder_version=\u00bb3.23&#8243; global_colors_info=\u00bb{}\u00bb][\/et_pb_image][\/et_pb_column][et_pb_column type=\u00bb1_2&#8243; _builder_version=\u00bb3.25&#8243; custom_padding=\u00bb|||\u00bb global_colors_info=\u00bb{}\u00bb custom_padding__hover=\u00bb|||\u00bb][et_pb_text _builder_version=\u00bb3.27.4&#8243; text_font=\u00bbRoboto|300|||||||\u00bb text_text_color=\u00bb#000000&#8243; text_font_size=\u00bb20px\u00bb global_colors_info=\u00bb{}\u00bb]<\/p>\n<p>Elaborado mediante la maceraci\u00f3n de las variedades de Treixadura, Loureira y Albari\u00f1o.<\/p>\n<p>De color amarillo p\u00e1lido y ciertos reflejos alimonados, limpio, transparente y brillante, buena l\u00e1grima.<\/p>\n<p>En nariz destaca por su marcado car\u00e1cter varietal y muy afrutado, elegante e intenso, notas c\u00edtricas de lim\u00f3n y laurel, mango, mel\u00f3n, membrillo y flores amarillas.<\/p>\n<p>De estructura media y ligera textura grasa, \u00e1gil y fresco, de buena acidez, muy afrutado y de gran persistencia.<\/p>\n<p><i class=\"fas fa-angle-double-right\" aria-hidden=\"true\">\u00a0<\/i>% vol: 13 a 13,5.<\/p>\n<p><i class=\"fas fa-angle-double-right\" aria-hidden=\"true\">\u00a0<\/i>A. Total: 6,1 gr\/l espresada en Tart.<\/p>\n<p><i class=\"fas fa-angle-double-right\" aria-hidden=\"true\"><\/i> No realiza fermentaci\u00f3n malol\u00e1ctica.<\/p>\n<p><i class=\"fas fa-angle-double-right\" aria-hidden=\"true\">\u00a0<\/i>Perfil Arom\u00e1tico: Terp\u00e9nico.<\/p>\n<p><i class=\"fas fa-angle-double-right\" aria-hidden=\"true\"><\/i> Presentaci\u00f3n: bot. borgo\u00f1a 750 ml. Caja de 6 uds. tumbadas.<span style=\"font-size: small;\"><\/span><\/p>\n<p>[\/et_pb_text][\/et_pb_column][\/et_pb_row][\/et_pb_section][et_pb_section fb_built=\u00bb1&#8243; _builder_version=\u00bb4.10.6&#8243; background_color=\u00bbrgba(175,175,175,0)\u00bb background_image=\u00bbhttps:\/\/www.bodegaeduardopenha.es\/nw\/wp-content\/uploads\/2021\/03\/foto23.jpg\u00bb background_blend=\u00bboverlay\u00bb hover_enabled=\u00bb0&#8243; global_colors_info=\u00bb{}\u00bb sticky_enabled=\u00bb0&#8243;][et_pb_row _builder_version=\u00bb3.25&#8243; background_size=\u00bbinitial\u00bb background_position=\u00bbtop_left\u00bb background_repeat=\u00bbrepeat\u00bb global_colors_info=\u00bb{}\u00bb][et_pb_column type=\u00bb4_4&#8243; _builder_version=\u00bb3.25&#8243; custom_padding=\u00bb|||\u00bb global_colors_info=\u00bb{}\u00bb custom_padding__hover=\u00bb|||\u00bb][et_pb_text _builder_version=\u00bb3.27.4&#8243; text_font=\u00bbRoboto||||||||\u00bb text_text_color=\u00bb#ffffff\u00bb text_line_height=\u00bb1.6em\u00bb background_layout=\u00bbdark\u00bb text_font_size_tablet=\u00bb\u00bb text_font_size_phone=\u00bb10px\u00bb text_font_size_last_edited=\u00bbon|phone\u00bb global_colors_info=\u00bb{}\u00bb]<\/p>\n<p style=\"text-align: center;\"><span style=\"color: #ffffff;\"><strong><a style=\"color: #ffffff;\" href=\"https:\/\/www.bodegaeduardopenha.es\/nw\/\">INICIO<\/a>\u00a0\u00a0\u00a0\u00a0\u00a0\u00a0 <a style=\"color: #ffffff;\" href=\"https:\/\/www.bodegaeduardopenha.es\/nw\/la-bodega?page_id=2169\">LA BODEGA<\/a>\u00a0\u00a0\u00a0\u00a0\u00a0\u00a0 <a style=\"color: #ffffff;\" href=\"https:\/\/www.bodegaeduardopenha.es\/nw\/el-vino\/?page_id=2159\">EL VINO<\/a>\u00a0\u00a0\u00a0\u00a0\u00a0\u00a0 <a style=\"color: #ffffff;\" href=\"https:\/\/www.bodegaeduardopenha.es\/nw\/premios\/?page_id=2471\">PREMIOS<\/a>\u00a0\u00a0\u00a0\u00a0\u00a0\u00a0 <a style=\"color: #ffffff;\" href=\"https:\/\/www.bodegaeduardopenha.es\/nw\/actualidad\/?page_id=2494\">ACTUALIDAD<\/a><\/strong><\/span><\/p>\n<p>[\/et_pb_text][\/et_pb_column][\/et_pb_row][et_pb_row _builder_version=\u00bb3.25&#8243; global_colors_info=\u00bb{}\u00bb][et_pb_column type=\u00bb4_4&#8243; _builder_version=\u00bb3.25&#8243; custom_padding=\u00bb|||\u00bb global_colors_info=\u00bb{}\u00bb custom_padding__hover=\u00bb|||\u00bb][et_pb_social_media_follow _builder_version=\u00bb3.19.11&#8243; text_orientation=\u00bbcenter\u00bb global_colors_info=\u00bb{}\u00bb][et_pb_social_media_follow_network social_network=\u00bbfacebook\u00bb url=\u00bbhttps:\/\/www.facebook.com\/pages\/Bodega-Eduardo-Pe%C3%B1a\/288417435162466?fref=mentions\u00bb _builder_version=\u00bb3.19.11&#8243; global_colors_info=\u00bb{}\u00bb follow_button=\u00bboff\u00bb url_new_window=\u00bbon\u00bb]facebook<br \/>\n[\/et_pb_social_media_follow_network][et_pb_social_media_follow_network social_network=\u00bbinstagram\u00bb url=\u00bbhttps:\/\/www.instagram.com\/bodegaeduardopenha\/\u00bb _builder_version=\u00bb3.19.11&#8243; global_colors_info=\u00bb{}\u00bb follow_button=\u00bboff\u00bb url_new_window=\u00bbon\u00bb]instagram<br \/>\n[\/et_pb_social_media_follow_network][\/et_pb_social_media_follow][et_pb_text _builder_version=\u00bb3.27.4&#8243; text_font=\u00bbRoboto||||||||\u00bb text_line_height=\u00bb1.6em\u00bb background_layout=\u00bbdark\u00bb text_font_size_tablet=\u00bb\u00bb text_font_size_phone=\u00bb10px\u00bb text_font_size_last_edited=\u00bbon|phone\u00bb global_colors_info=\u00bb{}\u00bb]<\/p>\n<p style=\"text-align: center;\"><span style=\"color: #ffffff;\"><strong><a style=\"color: #ffffff;\" href=\"https:\/\/www.bodegaeduardopenha.es\/nw\/aviso-legal\/\">Aviso legal<\/a><\/strong><\/span><\/p>\n<p>[\/et_pb_text][\/et_pb_column][\/et_pb_row][\/et_pb_section]<\/p>\n","protected":false},"excerpt":{"rendered":"<p>EL VINOMAR\u00cdA ANDREAElaborado mediante la maceraci\u00f3n de las variedades de Treixadura, Loureira y Albari\u00f1o. De color amarillo p\u00e1lido y ciertos reflejos alimonados, limpio, transparente y brillante, buena l\u00e1grima. En nariz destaca por su marcado car\u00e1cter varietal y muy afrutado, elegante e intenso, notas c\u00edtricas de lim\u00f3n y laurel, mango, mel\u00f3n, membrillo y flores amarillas. De [&hellip;]<\/p>\n","protected":false},"author":1,"featured_media":0,"parent":0,"menu_order":0,"comment_status":"closed","ping_status":"closed","template":"","meta":{"_et_pb_use_builder":"on","_et_pb_old_content":"","_et_gb_content_width":"","footnotes":""},"class_list":["post-2984","page","type-page","status-publish","hentry"],"_links":{"self":[{"href":"https:\/\/www.bodegaeduardopenha.es\/nw\/wp-json\/wp\/v2\/pages\/2984","targetHints":{"allow":["GET"]}}],"collection":[{"href":"https:\/\/www.bodegaeduardopenha.es\/nw\/wp-json\/wp\/v2\/pages"}],"about":[{"href":"https:\/\/www.bodegaeduardopenha.es\/nw\/wp-json\/wp\/v2\/types\/page"}],"author":[{"embeddable":true,"href":"https:\/\/www.bodegaeduardopenha.es\/nw\/wp-json\/wp\/v2\/users\/1"}],"replies":[{"embeddable":true,"href":"https:\/\/www.bodegaeduardopenha.es\/nw\/wp-json\/wp\/v2\/comments?post=2984"}],"version-history":[{"count":0,"href":"https:\/\/www.bodegaeduardopenha.es\/nw\/wp-json\/wp\/v2\/pages\/2984\/revisions"}],"wp:attachment":[{"href":"https:\/\/www.bodegaeduardopenha.es\/nw\/wp-json\/wp\/v2\/media?parent=2984"}],"curies":[{"name":"wp","href":"https:\/\/api.w.org\/{rel}","templated":true}]}}

<p>[et_pb_section fb_built=»1&#8243; _builder_version=»3.22&#8243; background_color=»#6b6b6b» background_image=»https://www.bodegaeduardopenha.es/nw/wp-content/uploads/2021/04/MG_1280-scaled.jpg» background_blend=»overlay» custom_padding=»54px|0px|120px|0px|false|false» global_colors_info=»{}»][et_pb_row _builder_version=»3.25&#8243; module_alignment=»left» custom_margin=»|||117px» custom_margin_tablet=»|||38px» custom_margin_phone=»||-70px|38px» custom_margin_last_edited=»on|phone» global_colors_info=»{}»][et_pb_column type=»4_4&#8243; _builder_version=»3.25&#8243; custom_padding=»|||» global_colors_info=»{}» custom_padding__hover=»|||»][et_pb_text _builder_version=»3.27.4&#8243; text_font=»Roboto||||||||» text_text_color=»#ffffff» header_font=»Roboto||||||||» header_text_color=»#ffffff» header_font_size=»90px» background_layout=»dark» header_font_size_tablet=»» header_font_size_phone=»60px» header_font_size_last_edited=»on|phone» inline_fonts=»Roboto» global_colors_info=»{}»]</p>
<h1 style="text-align: left;"><strong><span style="color: #ffffff;"><img decoding="async" src="https://www.bodegaeduardopenha.es/nw/wp-content/uploads/2021/04/linea_blanca.png" alt="" class="wp-image-536 alignnone size-full" width="39" height="7" /></span></strong></h1>
<h1 style="text-align: left;"><span style="font-family: Roboto;">EL VINO</span></h1>
<p>[/et_pb_text][et_pb_text _builder_version=»3.27.4&#8243; text_font=»Roboto||||||||» text_text_color=»#ffffff» text_font_size=»20px» header_font=»Roboto|300|||||||» header_text_color=»#ffffff» header_font_size=»70px» text_orientation=»center» background_layout=»dark» header_font_size_tablet=»» header_font_size_phone=»30px» header_font_size_last_edited=»on|phone» inline_fonts=»Times New Roman» global_colors_info=»{}»]</p>
<h1 style="text-align: left;"><span style="font-family: inherit;">MARÍA ANDREA</span></h1>
<p>[/et_pb_text][/et_pb_column][/et_pb_row][/et_pb_section][et_pb_section fb_built=»1&#8243; _builder_version=»3.22&#8243; custom_padding=»0|0px|0|0px|false|false» global_colors_info=»{}»][et_pb_row _builder_version=»3.25&#8243; max_width=»1115px» use_custom_width=»on» custom_width_px=»1115px» global_colors_info=»{}» column_structure=»1_2,1_2&#8243;][et_pb_column type=»1_2&#8243; _builder_version=»3.25&#8243; custom_padding=»|||» global_colors_info=»{}» custom_padding__hover=»|||»][et_pb_image src=»https://www.bodegaeduardopenha.es/nw/wp-content/uploads/2021/04/mariadrneabotella_500x133.jpg» align_tablet=»center» align_last_edited=»on|desktop» _builder_version=»3.23&#8243; global_colors_info=»{}»][/et_pb_image][/et_pb_column][et_pb_column type=»1_2&#8243; _builder_version=»3.25&#8243; custom_padding=»|||» global_colors_info=»{}» custom_padding__hover=»|||»][et_pb_text _builder_version=»3.27.4&#8243; text_font=»Roboto|300|||||||» text_text_color=»#000000&#8243; text_font_size=»20px» global_colors_info=»{}»]</p>
<p>Elaborado mediante la maceración de las variedades de Treixadura, Loureira y Albariño.</p>
<p>De color amarillo pálido y ciertos reflejos alimonados, limpio, transparente y brillante, buena lágrima.</p>
<p>En nariz destaca por su marcado carácter varietal y muy afrutado, elegante e intenso, notas cítricas de limón y laurel, mango, melón, membrillo y flores amarillas.</p>
<p>De estructura media y ligera textura grasa, ágil y fresco, de buena acidez, muy afrutado y de gran persistencia.</p>
<p><i class="fas fa-angle-double-right" aria-hidden="true"> </i>% vol: 13 a 13,5.</p>
<p><i class="fas fa-angle-double-right" aria-hidden="true"> </i>A. Total: 6,1 gr/l espresada en Tart.</p>
<p><i class="fas fa-angle-double-right" aria-hidden="true"></i> No realiza fermentación maloláctica.</p>
<p><i class="fas fa-angle-double-right" aria-hidden="true"> </i>Perfil Aromático: Terpénico.</p>
<p><i class="fas fa-angle-double-right" aria-hidden="true"></i> Presentación: bot. borgoña 750 ml. Caja de 6 uds. tumbadas.<span style="font-size: small;"></span></p>
<p>[/et_pb_text][/et_pb_column][/et_pb_row][/et_pb_section][et_pb_section fb_built=»1&#8243; _builder_version=»4.10.6&#8243; background_color=»rgba(175,175,175,0)» background_image=»https://www.bodegaeduardopenha.es/nw/wp-content/uploads/2021/03/foto23.jpg» background_blend=»overlay» hover_enabled=»0&#8243; global_colors_info=»{}» sticky_enabled=»0&#8243;][et_pb_row _builder_version=»3.25&#8243; background_size=»initial» background_position=»top_left» background_repeat=»repeat» global_colors_info=»{}»][et_pb_column type=»4_4&#8243; _builder_version=»3.25&#8243; custom_padding=»|||» global_colors_info=»{}» custom_padding__hover=»|||»][et_pb_text _builder_version=»3.27.4&#8243; text_font=»Roboto||||||||» text_text_color=»#ffffff» text_line_height=»1.6em» background_layout=»dark» text_font_size_tablet=»» text_font_size_phone=»10px» text_font_size_last_edited=»on|phone» global_colors_info=»{}»]</p>
<p style="text-align: center;"><span style="color: #ffffff;"><strong><a style="color: #ffffff;" href="https://www.bodegaeduardopenha.es/nw/">INICIO</a>       <a style="color: #ffffff;" href="https://www.bodegaeduardopenha.es/nw/la-bodega?page_id=2169">LA BODEGA</a>       <a style="color: #ffffff;" href="https://www.bodegaeduardopenha.es/nw/el-vino/?page_id=2159">EL VINO</a>       <a style="color: #ffffff;" href="https://www.bodegaeduardopenha.es/nw/premios/?page_id=2471">PREMIOS</a>       <a style="color: #ffffff;" href="https://www.bodegaeduardopenha.es/nw/actualidad/?page_id=2494">ACTUALIDAD</a></strong></span></p>
<p>[/et_pb_text][/et_pb_column][/et_pb_row][et_pb_row _builder_version=»3.25&#8243; global_colors_info=»{}»][et_pb_column type=»4_4&#8243; _builder_version=»3.25&#8243; custom_padding=»|||» global_colors_info=»{}» custom_padding__hover=»|||»][et_pb_social_media_follow _builder_version=»3.19.11&#8243; text_orientation=»center» global_colors_info=»{}»][et_pb_social_media_follow_network social_network=»facebook» url=»https://www.facebook.com/pages/Bodega-Eduardo-Pe%C3%B1a/288417435162466?fref=mentions» _builder_version=»3.19.11&#8243; global_colors_info=»{}» follow_button=»off» url_new_window=»on»]facebook<br />
[/et_pb_social_media_follow_network][et_pb_social_media_follow_network social_network=»instagram» url=»https://www.instagram.com/bodegaeduardopenha/» _builder_version=»3.19.11&#8243; global_colors_info=»{}» follow_button=»off» url_new_window=»on»]instagram<br />
[/et_pb_social_media_follow_network][/et_pb_social_media_follow][et_pb_text _builder_version=»3.27.4&#8243; text_font=»Roboto||||||||» text_line_height=»1.6em» background_layout=»dark» text_font_size_tablet=»» text_font_size_phone=»10px» text_font_size_last_edited=»on|phone» global_colors_info=»{}»]</p>
<p style="text-align: center;"><span style="color: #ffffff;"><strong><a style="color: #ffffff;" href="https://www.bodegaeduardopenha.es/nw/aviso-legal/">Aviso legal</a></strong></span></p>
<p>[/et_pb_text][/et_pb_column][/et_pb_row][/et_pb_section]</p>

<p>EL VINOMARÍA ANDREAElaborado mediante la maceración de las variedades de Treixadura, Loureira y Albariño. De color amarillo pálido y ciertos reflejos alimonados, limpio, transparente y brillante, buena lágrima. En nariz destaca por su marcado carácter varietal y muy afrutado, elegante e intenso, notas cítricas de limón y laurel, mango, melón, membrillo y flores amarillas. De [&hellip;]</p>
